is the tens digit of ((-3)/3 - 0)*-67?
6
Suppose 0 = -3*v - v. Let y(u) = -u**3 - u**2 + u + 3. Let w be y(v). Let j = w + 4. What is the units digit of j?
7
What is the hundreds digit of 1*(2 - -15*17)?
2
Let t be (-2*296/(-4))/2. Suppose 4*m - 5*o - t = m, 0 = -3*m + o + 70. What is the units digit of m?
3
Let t(h) = -h**3 + 10*h**2 - 9*h + 4. Let v be t(9). Suppose 0 = v*y - 2*y - 16. What is the units digit of y?
8
Let y = -35 + 21. Let o be y/3 + (-2)/(-3). What is the units digit of (39/(-12) + 1)*o?
9
Let h = 11 + -7. Suppose h*a + 0*a + 3*c - 49 = 0, -4*c = a + 4. What is the tens digit of a?
1
Let o = -15 - -7. Let k = o - -13. Suppose 3*c = k + 4. What is the units digit of c?
3
Suppose -h - 2*h + 4*t = -21, t = -5*h + 12. Suppose -z + 80 = h*z. Let w = z - 11. What is the units digit of w?
9
Let d(m) = -14*m**2 + 2. Let j be d(-2). Let q = j - -84. What is the units digit of q?
0
Suppose -3*b - 3*s = -17 - 16, 1 = b + 3*s. Let z = -9 + b. What is the units digit of z?
7
Suppose -4*u - 2 - 6 = 0. What is the units digit of u + 1 + 5 + 0?
4
Suppose 5*t = 2*t + 132. What is the units digit of t?
4
Let z = 195 - 103. What is the tens digit of z?
9
Suppose 0*g + 2 = 2*g. Suppose -5*j + 24 + g = 0. What is the units digit of j?
5
Let w(a) = a**2 + 5*a - 4. Let l be w(-7). Suppose 3*v + 0*v = f - 20, -4*v - l = 2*f. Suppose 5 = f*r - 0. What is the units digit of r?
1
Let v = -21 - -35. Suppose -v + 1 = -r. What is the tens digit of r?
1
Suppose -3*l = -5*z + 4*z - 10, -l = 4*z + 14. Suppose -l*q + 32 = 2*q. What is the units digit of q?
8
Suppose -6*l - 3*r + 6 = -2*l, -4*r = -8. Suppose l = j + j - 2. What is the units digit of j?
1
Let l(h) = -h**3 + 14*h**2 - 9*h - 6. What is the units digit of l(13)?
6
Let u be (-47)/(-9) - 2/9. Let r(m) = u*m**2 - 1 + 4*m - 4*m. What is the units digit of r(-1)?
4
What is the units digit of (-2)/((28/(-8))/7)?
4
Let z = 52 - 86. Let v = -20 - z. What is the tens digit of v?
1
Let m(o) = -3*o - 2. Let v be m(-2). Suppose 32 = -2*s - 2*s - u, -v*s - 32 = -4*u. Let l = 19 + s. What is the tens digit of l?
1
Suppose -2*w = -3*w - 5. Let o(k) = -k + 2. What is the units digit of o(w)?
7
Let z(a) be the first derivative of -a**2/2 - 3*a + 1. Let o be z(-4). Suppose c + 0 = o. What is the units digit of c?
1
Let d(a) = a**3 - a + 3. Let c be d(3). What is the tens digit of (-3)/3*-1*c?
2
Let w = 5 + -1. Let r(l) = -l**3 + 5*l**2 - 4*l - 1. Let z be r(w). What is the units digit of (z + -4 + -2)*-1?
7
Let q(f) = -7*f**2 + 2*f - 3. Let d(k) = -7*k**2 + k - 2. Let p(u) = -3*d(u) + 2*q(u). What is the tens digit of p(2)?
3
What is the units digit of 7/((-28)/(-16)) - 2?
2
Let z be (-3)/(-4) - 10/(-8). Suppose -z*n + 4*n - 70 = 0. What is the units digit of n?
5
Let u = -21 - -285. What is the tens digit of u/18 - (-2)/6?
1
Suppose -3*s + 272 = -5*b, 2*b + 358 = s + 3*s. What is the tens digit of s?
8
Suppose p - z - 16 = 0, 4*p + 5*z = 21 + 43. What is the units digit of 4/p - 23/(-4)?
6
Let j(g) = g**2 - g + 2. Let x be j(-2). Suppose -k - 63 = -x*r + 3*r, 24 = 3*r + 4*k. What is the tens digit of r?
1
Suppose 0*l - 5*l - 81 = -4*o, -5*o + 123 = l. What is the units digit of o?
4
Let n = -5 - -1. What is the units digit of (-4)/n - -2 - 0?
3
Let q = 35 - 17. What is the units digit of (-3)/(-18) + 51/q?
3
Suppose -5*l = 5*a - 1750, 2*a - 304 = l + 381. What is the tens digit of a?
4
Suppose m = -4*m. Suppose 7*n = 11*n - 8. Suppose 0 = -5*k + b + 16, m*b - n*b - 8 = -2*k. What is the units digit of k?
3
Suppose 223 - 3 = 4*a. What is the tens digit of a?
5
Let v be (-28 - -2)*(0 + -2). Suppose 2*l + 2*l = v. What is the tens digit of l?
1
Let h(v) = -v**2 - v. Let a(r) = -3*r**3 + 2*r**2 + 4*r + 1. Let t(s) = a(s) + 4*h(s). Let b be t(-1). What is the units digit of (1/(-3))/(b/(-42))?
7
Let x be (-3)/(-2)*(-8)/(-6). Suppose -1 = -2*p + 3*a, a = -p - x*a + 23. What is the units digit of p?
8
Let f(w) = 4*w**3 - 7*w**2 + 5*w. Let t(r) = -7*r**3 + 14*r**2 - 9*r + 1. Let p(s) = 5*f(s) + 3*t(s). What is the units digit of p(6)?
7
Let n(p) = p - 3. Let s(h) = -h**3 - 5*h**2 + h + 7. Let l be s(-5). Suppose l*j - 3*b = 20, -3*b = 2*j - 4 - 16. What is the units digit of n(j)?
7
Let c be (-8)/(-4) + 0/(-2). What is the units digit of c/11 + (-126)/(-33)?
4
What is the tens digit of (0 + 8)/((-4)/(-32))?
6
Let g(f) = 131*f**2 + f + 1. What is the tens digit of g(-1)?
3
Suppose 0 = -17*d + 12*d + 780. What is the units digit of d?
6
Suppose -20 = -4*s - 2*x, s + 2*s - 3*x = 15. Let u(f) = -f**3 + 5*f**2 + 1. What is the units digit of u(s)?
1
Suppose -6*q + 146 + 46 = 0. What is the tens digit of q?
3
Let n(s) = s**3 - 2*s. Let a be n(-2). Suppose k = 3*t - 26 - 4, 3*k - 20 = -2*t. What is the units digit of a/t - (-17)/5?
3
Let c be ((-1)/2)/((-7)/28). Suppose -13 = -2*x + 5*i, 2*x + i = -c*i + 5. What is the units digit of x?
4
Let y be 9 + (-2)/(-3 + 1). Let w = y - 16. What is the units digit of (-9)/w*(-40)/(-6)?
0
Let a(b) = b**3 - 7*b**2 + 7*b + 9. What is the units digit of a(7)?
8
Let d(u) = u**2 - 8*u + 13. What is the tens digit of d(12)?
6
Let k = 22 + 3. What is the tens digit of k?
2
Suppose 0 = -4*s - 26 + 118. What is the tens digit of s?
2
Let t = 250 + -133. What is the tens digit of t?
1
Let v(i) be the second derivative of 4*i**3/3 - 3*i**2/2 + i. Let h be v(2). Let p = h + -3. What is the tens digit of p?
1
Suppose 2*u + 0*u - 20 = 5*p, -5*u = -p - 4. Suppose 0 = -5*d - u*d - 80. Let z = -6 - d. What is the tens digit of z?
1
Let h be (-33)/11 - (-1 + 9). Let q(i) = 7*i**3 + 11*i**2 - 2*i - 21. Let a(j) = -j**3 + 1. Let u(f) = 6*a(f) + q(f). What is the units digit of u(h)?
7
Suppose -2*u = -5*c - 123, -23 - 208 = -4*u - 5*c. What is the units digit of u?
9
Suppose 0 = -5*t - 0*j + 2*j + 1210, 0 = j. What is the units digit of t?
2
Let i(g) = g**2 - 4*g - 7. Let z be i(6). Suppose -8 = z*x - 18. What is the units digit of x?
2
Let o(n) = 5*n + 10. Let r be o(-8). What is the units digit of 12/r + 24/10?
2
Suppose -j + 3 = -0. Let h be 1 - 3 - 0/(-1). Let c = j + h. What is the units digit of c?
1
Suppose -1 = 4*b - 5*b. Let y = 23 - b. What is the units digit of y?
2
Let f = -18 + 26. Suppose -l = 3*l - f. What is the units digit of l?
2
Suppose -3*o = -3*k - 18, 9 = 2*o - 1. Let x be k/(1 - 9/12). What is the units digit of (-21)/x - (-5)/(-20)?
5
Let d be 0/(-1 + -2 - -2). Let y = 41 - d. What is the tens digit of y?
4
Let m(n) = -n**2 + 2*n + 3. Let y be m(-2). What is the units digit of ((-8)/6)/(y/75)?
0
Let i(r) = r**2 - 2*r. Suppose m = 2*o - 5, -o + 4 = -3*m + 4*m. Let j be i(m). What is the units digit of 1 + j*(-2 + 2)?
1
Let r be (6/(-4))/((-2)/4). Suppose 4*o = 4*x + 4, -r*x + 4*o = -2*x + 16. Suppose h + x*h - 5*g = 10, 0 = -h - 5*g - 4. What is the units digit of h?
1
Suppose 0 = -3*x + 76 + 11. What is the tens digit of x?
2
Suppose 32 + 0 = b. What is the tens digit of b?
3
Let q = 64 + -36. Suppose q = -z + 2*z. What is the tens digit of z?
2
Suppose 0*u = 3*u + 54. What is the units digit of 3/(-18) + (-201)/u?
1
Suppose j + 0*j - 4 = 0. Suppose 2*c + 2*b = j*b + 2, 1 = -b. Suppose -4*l = 5*k - 54, 4*l + l + 5*k - 65 = c. What is the tens digit of l?
1
Suppose 2*c - 7 = 2*a + 7, 11 = c + 3*a. Let u be (10/c)/(3/12). What is the units digit of (21/(-35))/((-1)/u)?
3
Suppose -2*h = -5*f - 49, -16 = -2*h + 2*f + 18. What is the tens digit of h?
1
Let i(v) = v**3 - 16*v**2 - 9*v - 13. What is the units digit of i(17)?
3
Suppose -3*d = 2*a - 4, -a + 5 = -0*d + 3*d. Let x be 18 - -1*(-2)/d. Suppose 0*k + x = k. What is the units digit of k?
7
Let i(k) = 491*k**2 - 2*k - 1. Let a be i(-1). Let l = -751 + a. What is the units digit of l/(-35) + (-4)/10?
7
Let r(x) = x**3 - 3*x + 3. Let v be 5/2 - 7/14. Let c be r(v). Suppose -3*w + 10 = -c. What is the units digit of w?
5
Let x(w) = w**2 + 5*w - 7. Let a be x(-6). Let v(s) = -2*s. What is the units digit of v(a)?
2
Let r(l) = 4*l**2 - l. Suppose 8*t - 15 = 3*t. Let y = t - 2. What is the units digit of r(y)?
3
Let k(z) = -z**3 + 3*z**2 + z - 1. Let c(l) = -l**3 + 5*l**2 + 2*l + 2. Let h be c(5). Suppose 2*s = -2*s + h. What is the units digit of k(s)?
2
Let x = 509 - 269. What is the units digit of x?
0
Suppose -q + 7*q = 492. What i